+ c. Suppose 45 = y - h. What is the remainder when y is divided by 13?
10
Let n = -3974 + 4067. What is the remainder when 385 is divided by n?
13
Suppose 406 = 2*f + 3*h, 0 = 3*f - 5*h - 0*h - 552. What is the remainder when 1937 is divided by f?
191
Let t(d) = d**3 - d**2 + 2*d - 23. What is the remainder when 5806 is divided by t(4)?
31
Let t be (12/15)/(17/2210). Suppose t*v = 98*v + 1884. Calculate the remainder when v is divided by 64.
58
Let l(d) = d**3 - 18*d**2 - 4*d + 114. Calculate the remainder when 3399 is divided by l(18).
39
Let m be 1*(-5 + 41 + -5). Let s = -24 + m. Suppose -s*v = -13*v + 78. What is the remainder when v is divided by 4?
1
Let b = -93 - -54. Let l = 86 + b. What is the remainder when l is divided by 33?
14
Calculate the remainder when 66 is divided by 2*(-15)/(-10) + (-322)/(-23).
15
Let b = -94 + 103. Let t(u) = 12*u**2 - u - 4. Suppose -3*h + 17 = 4*r, 4*r - 2*r + 2*h - 10 = 0. What is the remainder when t(r) is divided by b?
6
Let l = -10348 - -11425. Calculate the remainder when l is divided by 84.
69
Suppose -b = n - 427 - 183, 0 = b + 1. What is the remainder when n is divided by 36?
35
Let s = 76 - -98. Suppose 3*o + 2*v - 125 = 0, o - 3 = -v + 42. Calculate the remainder when s is divided by o.
34
Let m = -9 + 3. Suppose 0 = -4*q - 5*p + 3160, -3*q - 4*p + 2365 = p. What is the remainder when (-8)/m*q/10 is divided by 18?
16
Let y(v) = 12*v**3 + 14*v**2 - 33*v - 1. What is the remainder when 764 is divided by y(2)?
84
Let z = 1470 - 1131. What is the remainder when z is divided by 68?
67
Let x(u) = u**3 + 44*u**2 - 47*u + 185. What is the remainder when 288 is divided by x(-45)?
13
Suppose -5*w = -99 - 1. Let t be ((-12)/(-4))/(2*(-3)/4). What is the remainder when w is divided by (20/(-30))/(t/21)?
6
Suppose -5*u + 18 - 43 = 0, 2*u + 405 = a. Let p(m) = 6*m**2 - 5*m + a*m**3 + 12 - 201*m**3 - 195*m**3. Calculate the remainder when 17 is divided by p(5).
5
Suppose 1582*f + 67130 = 1596*f. Calculate the remainder when f is divided by 32.
27
Let u = -1328 - -2145. Calculate the remainder when 2/(-19) - (-86688)/u is divided by 9*-3*(-3)/3.
25
Suppose 203*j - 1348 = -95*j + 3122. Calculate the remainder when 1191 is divided by j.
6
Suppose 2*y - 2 = -3*y - 4*b, 2*b - 4 = -y. Calculate the remainder when 15 is divided by y/(-7) - 360/(-63).
3
Let z = -12002 - -12235. What is the remainder when 720 is divided by z?
21
Suppose 1779 = -17*p + 6692. Calculate the remainder when p is divided by 140.
9
Let o = 51 + -12. Let b = o - 24. What is the remainder when (-6)/(-9)*(0 - 1539/(-18)) is divided by b?
12
Let r(h) = -2*h**2 + 14*h + 16. What is the remainder when 635 is divided by r(7)?
11
Let r be 14/63 - (-284)/18. Let y(n) = 2*n - 17. What is the remainder when 57 is divided by y(r)?
12
Let a = -10368 + 12861. What is the remainder when a is divided by 104?
101
Suppose 30107 = 302*x - 33*x - 32570. What is the remainder when x is divided by 112?
9
Suppose 0 = 5*c - x - 1120, 3*x + 1612 = 4*c + 727. What is the remainder when 3365 is divided by c?
215
Let n(a) = -a**3 - 16*a**2 - a + 4. Let f(j) = 8*j + 48. Let h be f(-8). Calculate the remainder when n(h) is divided by 16.
4
Let l = -13 + 30. Let z = -6 + l. Suppose 0*r - j - z = -r, -r = 3*j - 31. Calculate the remainder when 30 is divided by r.
14
Suppose -4*s + 1155 = -11*s. Let r = -24 + 58. What is the remainder when r is divided by 1/4 + s/(-12)?
6
Suppose 42 = 22*x - 96 + 28. What is the remainder when 2538 is divided by x?
3
Let m(b) = -6*b + 70. Let w be m(11). Suppose 91 = w*i + 51. Suppose -141 + 27 = -3*d. What is the remainder when d is divided by i?
8
What is the remainder when 883 is divided by (4 - 80/30)*8/(32/453)?
128
Let q(f) = f**3 - 5*f**2. Let k be q(5). Suppose k*u + t = u - 18, 5*u = -2*t + 55. Suppose 0 = -2*c + u + 61. Calculate the remainder when 73 is divided by c.
36
Calculate the remainder when 54/3*116/6 is divided by -11 - (-540)/48 - ((-63)/(-28) + -13).
7
Suppose -12 = 3*u, -4*y + 0*u - u = -48. Suppose 35 = 2*p - y. What is the remainder when 84 + -6 + (-16)/((-128)/(-56)) is divided by p?
23
Suppose 0 = -6*g + 7*g + 5, 3*s - 5*g = 166. Let d = s - 45. What is the remainder when 2 is divided by d?
0
Suppose -4*r = -4*x - 28, -4*x = -5*r - 19 + 48. Let s be (4/x)/(34/51). What is the remainder when 4 + s + 5 + -7 - -66 is divided by 17?
16
Suppose 8953 + 87 = 226*n. Calculate the remainder when 393 is divided by n.
33
Let f = -38 - -68. Let i(h) = -h**2 - 26*h + 125. Calculate the remainder when f is divided by i(4).
0
What is the remainder when (238/(-3) - (-21)/63)*(1 - 6) is divided by 108?
71
Let v(u) = -18*u - 1. Let w = -58 - -52. Let o = w - -38. What is the remainder when o is divided by v(-1)?
15
Suppose 119 = t - f, -14*f - 351 = -3*t - 10*f. What is the remainder when 620 is divided by t?
120
Let w(d) = 47*d - 44. Let f be w(1). Calculate the remainder when 327 is divided by (0 + 0)/(-6) + 66/f.
19
Suppose -260 = -6*j + 52 + 120. What is the remainder when 2662 is divided by j?
70
What is the remainder when (((-733)/(-12))/(2/18))/((-15)/(-60)) is divided by 110?
109
Let g(l) = 45*l - 8. Let s(v) = -v**3 - 10*v**2 - v - 8. Let r be s(-10). What is the remainder when 240 is divided by g(r)?
76
Let r(j) = -j**3 + 19*j**2 + 72*j + 77. What is the remainder when r(22) is divided by 6?
5
Suppose 2*t + 0*t = 104. Suppose -7*n + 3 = -39. Suppose -n - 48 = -3*i. What is the remainder when t is divided by i?
16
Suppose -4*a + 640 = 140. Suppose -107 + 221 = 2*l + 102. What is the remainder when a is divided by l?
5
Let s = 192 - 181. Suppose -5*c + s = -169. Calculate the remainder when c is divided by 15.
6
Suppose 0*o - 6 = 3*o. Let z = 1780 + -1771. Calculate the remainder when (-2)/4 - 89/o is divided by z.
8
Let o(i) = -i**3 - 9*i**2 - 4*i + 46. What is the remainder when (-357)/(-9)*1 + 2/6 is divided by o(-8)?
12
Suppose 0 = 2*w - 4*g - 358, -5*g = w - 0*g - 151. What is the remainder when w is divided by ((-1)/1 + 44)/(11*(-4)/(-44))?
42
Suppose 51*p - 47*p - 5*q = 504, 0 = 2*p - 5*q - 262. Suppose p = -9*r + 409. Calculate the remainder when 142 is divided by r.
14
Let v = 1863 + -1788. Calculate the remainder when 448 is divided by v.
73
Suppose 3*j = -2*g + 226, 4*j + 3*g + 1327 = 1626. What is the remainder when 1799 is divided by j?
39
What is the remainder when 386 is divided by 15/(-43 - -39 - 86/(-20))?
36
Let l = -4094 - -4098. Calculate the remainder when 256 is divided by l.
0
Let k = 368 - 152. Let i = -274 + 287. What is the remainder when k is divided by i?
8
Let j(x) = -2*x - 6. Let a be (-3 - -4)*(-1 - -7 - 1). What is the remainder when j(-6) is divided by a/(-15) + 21/9?
0
Let f = -5771 + 6127. Calculate the remainder when f is divided by 105.
41
Let u(q) = 12*q**2 - 217*q - 199. What is the remainder when u(20) is divided by 87?
0
Let a(u) = 42*u**2 + 2*u. Let k be a(-1). What is the remainder when 79 is divided by (-1 - k)*(-1)/(-6 - -7)?
38
Let f be ((-10)/(-15))/(10/195). Let n be 20/(-4)*(-44)/5. Calculate the remainder when 2 is divided by 11/f + n/286.
0
Suppose -21*p + 14*p = 0. Suppose p = -5*g + 5*q + 30, 4*g + 0*g + 3*q - 52 = 0. Calculate the remainder when 28 is divided by g.
8
Let u(h) = 5 + 3 + h + 2 + 2*h. Let i be u(-6). Let n(s) = s**3 + 7*s**2 - 9*s + 4. Calculate the remainder when 46 is divided by n(i).
10
Let q(f) = -1730*f - 24. Let u be q(3). What is the remainder when 3/8 - u/176 is divided by 18?
12
Suppose 0 = 5*u - 4*d + 203 + 518, -2*u = -2*d + 290. Let i = u - -207. Calculate the remainder when i is divided by 17.
15
Let o(f) = 258*f + 12738. What is the remainder when 764 is divided by o(-49)?
92
Suppose 193 = -8*z + 1185. Let a be (-2)/8 - (-84)/16. Suppose -3*o = -a*o + z. What is the remainder when o is divided by 8?
6
Let l(g) = 76*g - 18*g - 2*g**2 - 6 - 39*g. What is the remainder when 231 is divided by l(8)?
15
Let b be -1 - (2 - (6 + -1)). Suppose 5*q - 10 = 0, -2*q = 4*s + b*q - 332. Calculate the remainder when s is divided by ((-14)/6)/((-3)/36).
25
Suppose 38 = -4*o + 3*y - 2*y, -2*y = o + 5. Let u = o + 25. Suppose 98*g - 2797 = 39*g + 920. What is the remainder when g is divided by u?
15
Suppose 0 = 5*q - 4*j - 625, q - 73 = -2*j + 38. Let o(h)